2136?
False
Is 17387 a multiple of 69?
False
Does 2 divide 10436?
True
Is 989282 a multiple of 4?
False
Is 239320 a multiple of 397?
False
Does 211 divide 189900?
True
Does 275 divide 14273927?
False
Is 1035648 a multiple of 128?
True
Does 10 divide 567793?
False
Is 2273978 a multiple of 87?
False
Is 11888380 a multiple of 70?
True
Is 21 a factor of 9009?
True
Is 518 a factor of 103612?
False
Does 140 divide 828100?
True
Is 167879 a multiple of 3?
False
Does 4 divide 12513?
False
Is 7816347 a multiple of 9?
True
Is 435 a factor of 12798917?
False
Is 219989 a multiple of 11?
True
Is 763091 a multiple of 46?
False
Is 63 a factor of 68095?
False
Is 169850 a multiple of 10?
True
Is 105894 a multiple of 666?
True
Is 1161565 a multiple of 21?
False
Is 59 a factor of 975506?
True
Is 1367 a factor of 15233848?
True
Does 196 divide 78204?
True
Is 35 a factor of 31289965?
True
Is 52 a factor of 41392?
True
Is 2692395 a multiple of 705?
True
Is 346228 a multiple of 101?
True
Does 656 divide 916455?
False
Is 20 a factor of 1090300?
True
Does 227 divide 311989?
False
Does 18 divide 15133032?
True
Is 4 a factor of 68234?
False
Is 16169 a multiple of 3?
False
Is 180 a factor of 3450600?
True
Does 112 divide 9173808?
True
Does 66 divide 147892?
False
Is 3 a factor of 6093078?
True
Is 72168 a multiple of 14?
False
Is 473995 a multiple of 235?
True
Is 1457 a factor of 2833236?
False
Is 42465901 a multiple of 20?
False
Is 72180 a multiple of 30?
True
Does 129 divide 78526?
False
Is 631028 a multiple of 76?
True
Is 130375 a multiple of 17?
False
Is 120137 a multiple of 11?
False
Is 12 a factor of 6631218?
False
Is 117642 a multiple of 3?
True
Does 61 divide 85823?
False
Is 1726905 a multiple of 10?
False
Does 4 divide 7260?
True
Is 9802 a multiple of 64?
False
Is 37170 a multiple of 21?
True
Is 427263 a multiple of 16?
False
Is 51 a factor of 416772?
True
Is 490939 a multiple of 134?
False
Does 28 divide 790138?
False
Is 617574 a multiple of 63?
False
Is 2917200 a multiple of 935?
True
Is 227184 a multiple of 199?
False
Is 205 a factor of 191744?
False
Is 121751 a multiple of 7?
True
Is 3 a factor of 252927?
True
Does 16 divide 152323?
False
Is 843600 a multiple of 145?
False
Is 50 a factor of 1117342?
False
Is 3820448 a multiple of 8?
True
Is 21708 a multiple of 3?
True
Does 163 divide 423148?
True
Is 6 a factor of 410382?
True
Does 72 divide 20465280?
True
Does 78 divide 6686004?
True
Is 61193 a multiple of 500?
False
Does 94 divide 4459644?
False
Does 90 divide 23012860?
False
Does 25 divide 7890880?
False
Does 851 divide 3625539?
False
Is 86 a factor of 7848311?
False
Is 232627 a multiple of 8?
False
Is 340 a factor of 133960?
True
Does 11 divide 165616?
True
Is 28 a factor of 101836?
True
Is 124483 a multiple of 443?
True
Is 57 a factor of 345363?
True
Is 6 a factor of 2243778?
True
Is 2 a factor of 40347?
False
Is 165 a factor of 231990?
True
Is 663900 a multiple of 6?
True
Does 38 divide 1029382?
True
Is 65769 a multiple of 11?
True
Does 768 divide 2787072?
True
Does 2 divide 4454?
True
Is 502 a factor of 313338?
False
Is 39490 a multiple of 359?
True
Is 616 a factor of 9575104?
True
Is 12 a factor of 4547988?
True
Is 10 a factor of 618279?
False
Is 208773 a multiple of 111?
False
Does 25 divide 109775?
True
Does 9 divide 596736?
True
Does 54 divide 501228?
True
Is 41 a factor of 42433?
False
Is 119957 a multiple of 5?
False
Is 104550 a multiple of 75?
True
Is 63 a factor of 25163?
False
Does 203 divide 151735?
False
Does 36 divide 6635684?
False
Is 9371824 a multiple of 112?
True
Is 62400 a multiple of 100?
True
Is 8 a factor of 3549671?
False
Is 683 a factor of 372923?
False
Is 2 a factor of 86756?
True
Does 4 divide 85657?
False
Does 25 divide 3175225?
True
Does 16 divide 4504768?
True
Is 1080 a multiple of 3?
True
Does 24 divide 6873816?
True
Is 3109502 a multiple of 817?
True
Is 2 a factor of 275854?
True
Does 141 divide 300888?
False
Does 158 divide 396115?
False
Does 168 divide 44016?
True
Is 45 a factor of 38250?
True
Is 273 a factor of 1170897?
True
Is 1000755 a multiple of 45?
True
Is 1849904 a multiple of 14?
True
Is 1428986 a multiple of 793?
True
Is 12 a factor of 2306724?
True
Is 413136 a multiple of 302?
True
Is 42 a factor of 3670716?
True
Is 4419513 a multiple of 7?
True
Is 16 a factor of 1872434?
False
Is 345 a factor of 1075710?
True
Does 8 divide 1622389?
False
Does 328 divide 13318?
False
Is 167608 a multiple of 28?
True
Is 48 a factor of 4485680?
False
Does 87 divide 23236047?
True
Does 49 divide 14272965?
True
Does 285 divide 43890?
True
Is 38003 a multiple of 2?
False
Does 72 divide 3595424?
False
Is 100369 a multiple of 443?
False
Does 24 divide 3856296?
True
Is 416 a factor of 477984?
True
Is 57642 a multiple of 78?
True
Is 17 a factor of 305310?
False
Is 201530 a multiple of 13?
False
Is 795901 a multiple of 32?
False
Does 34 divide 545228?
False
Does 31 divide 2966855?
True
Does 17 divide 244152?
False
Is 3384432 a multiple of 1237?
True
Is 193 a factor of 1537631?
True
Is 118 a factor of 5791308?
False
Does 179 divide 4424562?
False
Does 9 divide 47160?
True
Does 320 divide 73920?
True
Is 85 a factor of 170480?
False
Does 3 divide 4727118?
True
Does 6 divide 2334798?
True
Is 135660 a multiple of 170?
True
Is 3159 a multiple of 2?
False
Is 8 a factor of 39084?
False
Does 8 divide 1580574?
False
Is 762528 a multiple of 312?
True
Is 64427 a multiple of 38?
False
Is 12 a factor of 24504?
True
Does 2 divide 3884?
True
Is 1028714 a multiple of 98?
False
Is 1136536 a multiple of 8?
True
Does 10 divide 627385?
False
Does 76 divide 5885896?
True
Does 36 divide 4478385?
False
Is 17 a factor of 798366?
False
Does 13 divide 2475131?
False
Is 182 a factor of 376376?
True
Is 2 a factor of 410?
True
Is 61180 a multiple of 161?
True
Is 198380 a multiple of 91?
True
Does 2 divide 95247?
False
Does 835 divide 4721992?
False
Does 344 divide 1877895?
False
Is 79299 a multiple of 99?
True
Is 1591 a factor of 506349?
False
Is 210128 a multiple of 92?
True
Is 18 a factor of 1337122?
False
Is 9 a factor of 213849?
True
Does 87 divide 7792677?
True
Is 382 a factor of 23913626?
False
Is 478 a factor of 5902822?
True
Is 122760 a multiple of 20?
True
Is 16 a factor of 711455?
False
Is 315717 a multiple of 10?
False
Is 486879 a multiple of 5?
False
Does 58 divide 995010?
False
Does 274 divide 1865392?
True
Is 1454 a factor of 11669804?
True
Does 221 divide 58786?
True
Is 7298940 a multiple of 44?
True
Is 296 a factor of 450512?
True
Does 126 divide 154860?
False
Is 4055120 a multiple of 46?
False
Is 291203 a multiple of 11?
True
Is 992224 a multiple of 101?
True
Is 6345471 a multiple of 25?
False
Is 911 a factor of 2307563?
True
Is 19 a factor of 3235117?
False
Is 28 a factor of 108894?
False
Is 105851 a multiple of 44?
False
Is 7 a factor of 2291251?
False
Is 16183 a multiple of 40?
False
Is 801760 a multiple of 20?
True
Is 437946 a multiple of 8?
False
Is 306168 a multiple of 7?
False
Is 5341248 a multiple of 44?
True
Does 171 divide 213921?
True
Does 12 divide 1046686?
False
Is 2 a factor of 47962?
True
Is 38 a factor of 274998?
False
Does 409 divide 5887021?
False
Does 23 divide 2719497?
True
Is 392 a factor of 2013757?
False
Is 149240 a multiple of 40?
True
Is 72 a factor of 79731?
False
Is 16612 a multiple of 219?
False
Does 11 divide 21439?
True
Does 15 divide 1717441?
False
Does 34 divide 10011968?
False
Is 414 a factor of 450018?
True
Is 21704 a multiple of 120?
False
Does 79 divide 210377?
True
Does 568 divide 8710848?
True
Is 176639 a multiple of 107?
False
Is 9 a factor of 180576?
True
Does 53 divide 2017657?
True
Is 57792 a multiple of 14?
True
Is 23 a factor of 3417340?
True
Does 21 divide 808896?
False
Is 1686209 a multiple of 128?
False
Is 231875 a multiple of 371?
True
Is 271 a factor of 105148?
True
Does 20 divide 8339620?
True
Does 258 divide 1524600?
False
Is 271883 a multiple of 67?
False
Is 495128 a multiple of 2?
True
Is 329 a factor of 435844?
False
Does 34 divide 165308?
True
Is 12032050 a multiple of 742?
False
Is 258460 even?
True
Does 13 divide 105521?
True
Is 65720 a multiple of 5?
True
Is 5235011 a multiple of 786?
False
Is 1383723 a multiple of 8?
False
Is 608 a factor of 13651928?
False
Is 580 a factor of 5098923?
False